9 prime?
True
Is 57202313 a prime number?
False
Is 3343369 a composite number?
False
Is 156207469 a prime number?
False
Is 14868619 composite?
True
Is 3700241 prime?
True
Is 39040629 a prime number?
False
Is 45265957 a prime number?
False
Is 15876101 composite?
False
Is 271549977 prime?
False
Is 104965691 composite?
False
Is 21076117 prime?
False
Is 57776063 a prime number?
True
Is 50913851 composite?
False
Is 31435361 prime?
True
Is 41884527 a composite number?
True
Is 69772361 a prime number?
True
Is 9215809 composite?
False
Is 21882361 prime?
False
Is 927203 a composite number?
True
Is 4609461 composite?
True
Is 128015969 a composite number?
True
Is 25554055 prime?
False
Is 28452623 a composite number?
False
Is 5407261 a prime number?
True
Is 3011429 a composite number?
False
Is 1143143 prime?
True
Is 16913203 prime?
False
Is 8097383 composite?
True
Is 7048117 a composite number?
True
Is 14060303 a composite number?
False
Is 18094609 composite?
True
Is 193787227 prime?
True
Is 493520167 a composite number?
True
Is 1993253 composite?
True
Is 7743167 composite?
False
Is 11303662 a prime number?
False
Is 968566 composite?
True
Is 64433771 a composite number?
False
Is 945179 a composite number?
False
Is 50083797 composite?
True
Is 6147161 composite?
False
Is 3117327 prime?
False
Is 406212473 a prime number?
True
Is 2309953 prime?
False
Is 85306411 composite?
True
Is 794771 a composite number?
True
Is 664739 a prime number?
True
Is 1828561 a composite number?
True
Is 12401423 composite?
True
Is 159610177 composite?
True
Is 34173889 a composite number?
True
Is 52715167 prime?
True
Is 219608999 composite?
True
Is 54534653 a prime number?
True
Is 125438263 prime?
False
Is 11131214 a prime number?
False
Is 12823849 a prime number?
False
Is 6342797 a prime number?
True
Is 41200361 composite?
False
Is 69887693 a prime number?
True
Is 734520083 prime?
False
Is 165479927 prime?
False
Is 122005123 prime?
True
Is 951079 a prime number?
True
Is 3605099 composite?
False
Is 96740393 a composite number?
False
Is 13945963 composite?
False
Is 30853211 a prime number?
True
Is 1048811 a composite number?
True
Is 56847359 a composite number?
True
Is 38839561 composite?
False
Is 2411219 prime?
True
Is 148670741 composite?
False
Is 335461733 a composite number?
True
Is 141979 prime?
False
Is 46446485 a prime number?
False
Is 43750309 composite?
False
Is 84326287 composite?
True
Is 1172377 composite?
False
Is 165244223 a prime number?
False
Is 298056037 a composite number?
True
Is 106771661 a composite number?
False
Is 5005133 prime?
False
Is 2218369 composite?
True
Is 29430719 a prime number?
True
Is 75431263 a composite number?
False
Is 58254811 prime?
True
Is 104896037 composite?
False
Is 3711919 prime?
False
Is 529607 a composite number?
True
Is 6968749 composite?
False
Is 452735 composite?
True
Is 4290211 a composite number?
True
Is 682711 a prime number?
False
Is 127031 a prime number?
True
Is 24373901 a composite number?
True
Is 35612411 composite?
False
Is 359962873 a composite number?
True
Is 283121719 prime?
True
Is 251126273 a composite number?
True
Is 193483 prime?
False
Is 470257 a prime number?
False
Is 74396669 a prime number?
False
Is 606693 composite?
True
Is 2992949 a composite number?
False
Is 231731 a composite number?
True
Is 4071983 a composite number?
False
Is 3700511 prime?
True
Is 2413153 a prime number?
True
Is 270516871 a prime number?
True
Is 40397663 a composite number?
True
Is 160161647 prime?
False
Is 9674407 a composite number?
True
Is 539897 a composite number?
False
Is 2309113 composite?
False
Is 2256203 prime?
False
Is 1639397 composite?
True
Is 178666991 a composite number?
True
Is 29340739 prime?
True
Is 6970331 a prime number?
True
Is 990137 composite?
False
Is 1801187 a composite number?
False
Is 4223209 a composite number?
True
Is 8024279 a prime number?
True
Is 13737869 a composite number?
False
Is 70038301 a prime number?
True
Is 216205051 a composite number?
False
Is 84405913 prime?
True
Is 6700919 prime?
True
Is 55136867 composite?
False
Is 31721 prime?
True
Is 10254847 a composite number?
True
Is 73669031 prime?
True
Is 5040943 prime?
True
Is 250916531 prime?
True
Is 401454533 a prime number?
True
Is 22511582 a prime number?
False
Is 18615217 a prime number?
True
Is 1648073 a composite number?
True
Is 1534051 composite?
False
Is 10158151 a prime number?
True
Is 620371 a composite number?
True
Is 1345507 a prime number?
True
Is 3604871 composite?
False
Is 6208691 composite?
False
Is 10909 a composite number?
False
Is 447247 a prime number?
True
Is 197837 a prime number?
True
Is 984023 a composite number?
True
Is 190152307 composite?
False
Is 199559 composite?
False
Is 10021613 composite?
True
Is 4696043 a composite number?
True
Is 823209 a composite number?
True
Is 18345722 prime?
False
Is 6150643 prime?
True
Is 1193563 a composite number?
True
Is 11555314 composite?
True
Is 1455193 a prime number?
True
Is 15516659 prime?
False
Is 226206709 prime?
False
Is 30215291 composite?
True
Is 11542163 composite?
True
Is 11116103 prime?
False
Is 32545951 a prime number?
True
Is 71351549 a composite number?
True
Is 39607109 a prime number?
False
Is 11372203 composite?
True
Is 17601551 a composite number?
True
Is 9275606 prime?
False
Is 1683169 a prime number?
True
Is 1355203 prime?
False
Is 41904098 composite?
True
Is 6174899 composite?
False
Is 9598291 prime?
False
Is 46124669 a composite number?
True
Is 30435001 composite?
False
Is 9684986 a prime number?
False
Is 585721 a composite number?
False
Is 651739549 composite?
False
Is 889457 prime?
False
Is 19204309 a prime number?
False
Is 899519 composite?
False
Is 20696699 composite?
False
Is 20473907 a composite number?
False
Is 78409211 a composite number?
True
Is 1895885 composite?
True
Is 1206131 composite?
False
Is 55306613 prime?
False
Is 2453119 composite?
False
Is 21646433 composite?
False
Is 4633679 composite?
False
Is 5247521 a prime number?
False
Is 2814991 prime?
True
Is 426042533 prime?
False
Is 301694329 a prime number?
True
Is 3573107 composite?
False
Is 826841 prime?
False
Is 107232353 prime?
False
Is 6519127 a prime number?
True
Is 331809797 a composite number?
True
Is 92373119 prime?
True
Is 12613291 a composite number?
False
Is 38743027 a prime number?
True
Is 91330423 prime?
False
Is 1499232419 prime?
True
Is 21665101 a prime number?
True
Is 11306803 a composite number?
False
Is 764431 prime?
True
Is 10674899 a prime number?
True
Is 86390911 prime?
True
Is 327331 a composite number?
False
Is 53597083 a prime number?
False
Is 18283443 a prime number?
False
Is 14852521 a prime number?
True
Is 278360387 composite?
False
Is 15363553 prime?
False
Is 20321 composite?
True
Is 227539729 prime?
False
Is 7900043 prime?
True
Is 375263 prime?
False
Is 229792747 composite?
True
Is 287579 a prime number?
True
Is 1957722953 prime?
True
Is 945199 composite?
True
Is 5109773 composite?
False
Is 19952629 a composite number?
True
Is 4042417 prime?
True
Is 50736581 composite?
True
Is 38839 prime?
True
Is 14865593 composite?
False
Is 2612143 a prime number?
True
Is 681872929 a composite number?
True
Is 252121271 a composite number?
True
Is 1633811 prime?
True
Is 104746517 composite?
True
Is 11431789 a prime number?
True
Is 96113509 composite?
True
Is 1836377 prime?
False
Is 2185563 composite?
True
Is 156629026 prime?
False
Is 4691173 a prime number?
True
Is 49253111 a prime number?
False
Is 247198261 a composite number?
True
Is 99131339 a prime number?
False
Is 569383 a prime number?
False
Is 192292849 prime?
False
Is 3857039 a composite number?
False
Is 328757413 prime?
False
Is 2243 a prime number?
True
Is 38462951 a prime number?
True
Is 961601 a prime number?
True
Is 28930457 prime?
True
Is 101492366 a prime number?
False
Is 25439453 a composite number?
True
Is 13675403 a prime number?
False
Is 3238813 a prime number?
False
Is 10363181 a prime number?
True
Is 625351 prime?
True
Is 71994877 prime?
False
Is 17806189 prime?
False
Is 2201919 a prime number?
False
Is 4145639 prime?
True
Is 434143631 prime?
False
Is 8923339 prime?
True
Is 87739831 composite?
False
Is 2725997 composite?
False
Is 577799 a prime number?
True
Is 8727713 a composite number?
True
Is 22227263 a prime number?